
4
What is the ten thousands digit of 186939541?
3
What is the ten millions digit of 363496382?
6
What is the ten thousands digit of 5533030?
3
What is the units digit of 256972463?
3
What is the hundreds digit of 39843249?
2
What is the units digit of 209357945?
5
What is the thousands digit of 154149502?
9
What is the hundred thousands digit of 1539182631?
1
What is the ten thousands digit of 3813844158?
4
What is the ten millions digit of 212798231?
1
What is the thousands digit of 22817101?
7
What is the millions digit of 90230970?
0
What is the units digit of 8842938175?
5
What is the ten millions digit of 252130438?
5
What is the hundred thousands digit of 228360630?
3
What is the ten thousands digit of 4177246790?
4
What is the hundred thousands digit of 899447513?
4
What is the millions digit of 83469146?
3
What is the ten thousands digit of 1458285337?
8
What is the ten thousands digit of 27922455?
2
What is the units digit of 244709643?
3
What is the hundred thousands digit of 1392505415?
5
What is the ten thousands digit of 988937982?
3
What is the thousands digit of 2362660390?
0
What is the hundred thousands digit of 994200724?
2
What is the ten thousands digit of 4419975642?
7
What is the ten thousands digit of 2962153090?
5
What is the ten millions digit of 352160994?
5
What is the tens digit of 4861796?
9
What is the hundreds digit of 145146377?
3
What is the millions digit of 4393380464?
3
What is the tens digit of 29675335?
3
What is the hundred thousands digit of 45839986?
8
What is the millions digit of 49519013?
9
What is the thousands digit of 31152894?
2
What is the hundred thousands digit of 112058828?
0
What is the millions digit of 277054476?
7
What is the ten thousands digit of 85471065?
7
What is the tens digit of 70938763?
6
What is the thousands digit of 126004133?
4
What is the ten thousands digit of 165562698?
6
What is the ten millions digit of 16199752?
1
What is the thousands digit of 76855965?
5
What is the thousands digit of 133052782?
2
What is the hundreds digit of 50550593?
5
What is the units digit of 203865187?
7
What is the thousands digit of 353760714?
0
What is the units digit of 202849753?
3
What is the tens digit of 582839793?
9
What is the ten millions digit of 2437716118?
3
What is the hundred thousands digit of 155518933?
5
What is the hundreds digit of 4814792042?
0
What is the tens digit of 27981602?
0
What is the units digit of 60361779?
9
What is the hundred thousands digit of 45101274?
1
What is the hundred thousands digit of 469315345?
3
What is the ten thousands digit of 114767239?
6
What is the ten millions digit of 292771457?
9
What is the ten thousands digit of 68044624?
4
What is the hundred millions digit of 9517963770?
5
What is the ten thousands digit of 8308327?
0
What is the tens digit of 275057774?
7
What is the units digit of 4411606649?
9
What is the ten millions digit of 21715565?
2
What is the millions digit of 50727367?
0
What is the units digit of 277935367?
7
What is the thousands digit of 691411381?
1
What is the thousands digit of 11583028?
3
What is the tens digit of 5305386646?
4
What is the hundred millions digit of 1712768903?
7
What is the units digit of 1201483190?
0
What is the millions digit of 1308847644?
8
What is the tens digit of 1104688635?
3
What is the units digit of 12369452?
2
What is the hundred thousands digit of 1033493067?
4
What is the hundred thousands digit of 2087782822?
7
What is the ten thousands digit of 2088243229?
4
What is the tens digit of 30062995?
9
What is the tens digit of 421267312?
1
What is the hundred millions digit of 1055398815?
0
What is the hundred thousands digit of 379464515?
4
What is the tens digit of 5648706?
0
What is the units digit of 640719077?
7
What is the hundreds digit of 3019186105?
1
What is the tens digit of 836749800?
0
What is the millions digit of 791261663?
1
What is the millions digit of 153401196?
3
What is the tens digit of 80850744?
4
What is the hundred thousands digit of 73087411?
0
What is the millions digit of 29408529?
9
What is the hundred millions digit of 522569358?
5
What is the thousands digit of 126160055?
0
What is the hundreds digit of 239789132?
1
What is the units digit of 2025287344?
4
What is the hundred millions digit of 1089044968?
0
What is the ten thousands digit of 642898172?
9
What is the tens digit of 55531500?
0
What is the ten millions digit of 14673633?
1
What is the ten millions digit of 4206797093?
0
What is the hundreds digit of 18535338?
3
What is the thousands digit of 739427218?
7
What is the units digit of 30839213?
3
What is the ten thousands digit of 7632168?
3
What is the hundred millions digit of 904594146?
9
What is the millions digit of 25352636?
5
What is the billions digit of 1115088747?
1
What is the millions digit of 197367990?
7
What is the thousands digit of 39951914?
1
What is the hundred thousands digit of 2936223567?
2
What is the hundred thousands digit of 336262513?
2
What is the millions digit of 510271566?
0
What is the hundred millions digit of 1230166492?
2
What is the thousands digit of 1198219835?
9
What is the thousands digit of 490461070?
1
What is the units digit of 916119133?
3
What is the hundred thousands digit of 217702987?
7
What is the units digit of 323373580?
0
What is the thousands digit of 34786253?
6
What is the units digit of 95092525?
5
What is the ten millions digit of 38544655?
3
What is the thousands digit of 39322318?
2
What is the hundred thousands digit of 54903103?
9
What is the tens digit of 862073832?
3
What is the thousands digit of 887694655?
4
What is the ten millions digit of 489854693?
8
What is the hundreds digit of 120897305?
3
What is the ten millions digit of 97282621?
9
What is the hundred thousands digit of 243373914?
3
What is the thousands digit of 510821586?
1
What is the ten thousands digit of 270666440?
6
What is the tens digit of 770775999?
9
What is the hundred thousands digit of 23739659?
7
What is the tens digit of 272143985?
8
What is the units digit of 111286425?
5
What is the ten thousands digit of 3719863209?
6
What is the units digit of 175502277?
7
What is the hundred thousands digit of 112859915?
8
What is the ten thousands digit of 66890464?
9
What is the thousands digit of 47806159?
6
What is the hundreds digit of 2044703307?
3
What is the billions digit of 1300551440?
1
What is the thousands digit of 77564644?
4
What is the hundred thousands digit of 101112538?
1
What is the millions digit of 352489111?
2
What is the ten millions digit of 718288308?
1
What is the ten millions digit of 182914489?
8
What is the ten thousands digit of 542014171?
1
What is the millions digit of 536261106?
6
What is the hundred thousands digit of 26705026?
7
What is the hundred millions digit of 210763752?
2
What is the hundred thousands digit of 55579759?
5
What is the tens digit of 821210449?
4
What is the thousands digit of 99086582?
6
What is the millions digit of 100513124?
0
What is the millions digit of 113715532?
3
What is the hundreds digit of 991967217?
2
What is the units digit of 311249362?
2
What is the tens digit of 1406359639?
3
What is the millions digit of 80107047?
0
What is the units digit of 1641186081?
1
What is the thousands digit of 46550404?
0
What is the tens digit of 8729205639?
3
What is the hundreds digit of 29077819?
8
What is the ten thousands digit of 278279191?
7
What is the units digit of 1585528?
8
What is the thousands digit of 381916473?
6
What is the hundreds digit of 121868131?
1
What is the units digit of 226896404?
4
What is the hundred millions digit of 2559651740?
5
What is the hundred millions digit of 2164512336?
1
What is the hundred thousands digit of 230448181?
4
What is the ten millions digit of 190161079?
9
What is the ten thousands digit of 3811631?
1
What is the ten millions digit of 26189340?
2
What is the hundreds digit of 1466314380?
3
What is the tens digit of 24088321?
2
What is the millions digit of 27864164?
7
What is the ten millions digit of 180202191?
8
What is the thousands digit of 3702888472?
8
What is the ten thousands digit of 330033103?
3
What is the units digit of 180168595?
5
What is the hundreds digit of 4082320?
3
What is the thousands dig